t k(b) = b**2 - 10*b - 4. Let s be ((-11)/5)/(4/(-20)). Give k(s).
7
Let w be (-2 - 1)/(-3) + -1. Suppose w = -y - 0*y + 5. Let d(h) = -h**2 + 5*h - 1. Determine d(y).
-1
Let c = 7 - 6. Let i(m) = m**2 - 5 + 4 - 6*m**3 + 0*m**2. What is i(c)?
-6
Let r be 5 + -1 + 2 + -1. Suppose 2*y - r - 2 = -3*i, -5*i + 2*y = -1. Let q be 1*(-1 + 6)/i. Let z(u) = u**2 - 6*u + 2. Determine z(q).
-3
Let y(r) = -r - 4. Suppose 0 = -5*d - 2*i - 20, -3*d + 0*i - 13 = i. What is y(d)?
2
Suppose 16 = -4*s, 3 - 1 = -5*p - 3*s. Let k(c) = 3*c - 5 - 5*c + 2 + c**3 - p*c**2. Give k(3).
0
Let r(v) = -2*v**2 + 2*v**3 - v + 2 + 4*v**3 - 9*v**3. What is r(-2)?
20
Suppose 0 = -5*r - 4 - 16. Let q(o) = -o - 1. Calculate q(r).
3
Let y(x) = -1 - 3 - 4 - 2*x. Let c be y(-6). Suppose 0 = -3*n - 5*d + 7, -5*n = -c*d + 2*d + 9. Let b(r) = -6*r. Calculate b(n).
6
Let l(c) be the first derivative of -c**5/120 + 2*c**3 + 6. Let q(z) be the third derivative of l(z). Determine q(5).
-5
Let x(h) = -h + 4. Let t(l) = -3*l**2 + 0 + 4*l**2 + 3 - 3*l + l. Let n be t(2). Calculate x(n).
1
Let f(k) = 7 + 2*k + 0*k + 0*k - 16. Let a = 13 - 7. Determine f(a).
3
Suppose -2*v - 3*v - 5*c = -5, -3*v + 15 = -c. Suppose g - 20 = 4*g + 5*q, v*g + q = -21. Let h(j) = j**3 + 6*j**2 + 7*j + 5. Give h(g).
-5
Let b be (-36)/10 - 4/10. Let t be -2 - (-1 - 3 - -2). Let n(d) = -3 - 2*d - 1 + t. Calculate n(b).
4
Let h be (-5)/25 + (-21)/(-5). Let p(t) = 5*t + 6 - 2 - h*t. Let v = 2 + -4. Give p(v).
2
Suppose 0 = -3*d + 2*h + 2*h + 13, 4*d - 5*h = 17. Suppose -13 = d*q - 4. Let l(u) = 2*u - 2 - 3*u + 2*u. Determine l(q).
-5
Let u(f) = -f**3 + 3*f**2 - f + 3. Let m be u(3). Let c = 0 - m. Let n(v) = -v**2 + 10. Calculate n(c).
10
Let l(y) = -1 - 2*y - 5*y**2 + 0*y**2 + y**3 + 8*y**2. Determine l(2).
15
Let f(z) = 11*z + 1 - 7*z - 5*z. Suppose -2*c - 20 = -4*v, -4*v - 5*c + 30 = -4. Calculate f(v).
-5
Let f = -4 - -3. Let v = 13 + f. Let k be ((-10)/8)/((-3)/v). Let t(p) = p**3 - 6*p**2 + 6*p - 4. Calculate t(k).
1
Let s be ((-7)/(-2))/((-2)/(-4)). Let o(d) = -d - 3. Let x(v) = 5*v + 7. Let l(h) = 4*o(h) + x(h). What is l(s)?
2
Suppose -4*d = u - 1, 0 = -d - 3*u - u + 4. Let z(w) = -w**2 + 1. Let j(v) = -v**2 - 4. Let m(i) = -j(i) + 2*z(i). Determine m(d).
6
Let j(y) be the second derivative of -y**5/20 - 5*y**4/12 - y**3 - 3*y**2/2 - 44*y. What is j(-4)?
5
Suppose -f - 19 = -22. Let l(j) = -f + 5 - 18*j + 19*j. Calculate l(-6).
-4
Let u(s) = -s**2 + 3*s. Suppose -4 - 11 = -5*o. Determine u(o).
0
Let m(i) be the second derivative of -i**5/20 - i**4/2 - 7*i**3/6 - 2*i**2 + 5*i. Suppose g = 5*v - 5, 3*v - 5 = g + v. Determine m(g).
6
Suppose -d - 4 = d. Let o(f) be the second derivative of -f**4/12 + f**2 - 6*f. Determine o(d).
-2
Suppose 0 = 4*p + 4 - 0. Let d(k) = -2*k**2 + k + 7. Let v(c) = c**3 + c**2 + 1. Let u(y) = p*d(y) - v(y). Determine u(0).
-8
Let v = -23 + 10. Let o = -16 - v. Let q(g) = -g**3 + 4*g**2 - 2*g**2 + 2*g - 4*g**2. Give q(o).
3
Suppose -4*f = -13 + 1. Let t(u) be the first derivative of 1/4*u**4 + 3*u**2 + 2*u**f - 1 + 0*u. What is t(-5)?
-5
Let z be -5*1*(-1)/(-1). Let g be ((-4)/z)/((-1)/(-5)). Let y(s) = g - 5 + s - 5. Give y(0).
-6
Let b(f) be the second derivative of -f**4/12 + 2*f**3/3 + 5*f**2/2 - 9*f. Determine b(5).
0
Let k(l) = l**3 - l**2 - l - 7. Let u be k(0). Let v = u + 7. Let g(h) = 2 + 5*h + 2*h - 2*h - h**3 - 2*h**2 + v*h**2. What is g(-3)?
-4
Let n(h) = -h**2 + 8*h - 4. Let t(y) = y**2 + 7*y + 17. Let k be t(-4). What is n(k)?
11
Let s(b) = 8*b - 2 - 9*b - 1. Determine s(-6).
3
Let d(m) = 3*m**2 - 3*m + 1. Let n be 447/21 + 8/(-28). Let u be (n/(-28))/((-3)/8). Give d(u).
7
Suppose 3*s + 12 = 0, 5*v = v - 2*s - 28. Let i = -13 - -14. Let n(w) = i + 1 - w**2 - w - 3*w. What is n(v)?
-3
Let v(k) = k. Let w = -5 + 6. What is v(w)?
1
Let r be (4/5)/((-2)/(-5)). Let d(x) = -2*x - 3*x + r*x + 2. Calculate d(4).
-10
Let y = -8 + 12. Let l(z) = -z**3 + 5*z**2 - 4*z - 2. What is l(y)?
-2
Suppose 0 = -0*d + 2*d. Let r(j) = j + 3. Calculate r(d).
3
Let a(l) = -l**3 - l**2 + l + 1. Let z(v) = -4*v + 0*v**2 + 0 + 3 + 4*v**2 - v**3. Let m be z(3). Let x be a(m). Let f(k) = 3*k**2 + k. Determine f(x).
4
Suppose -20 = -7*y + 2*y. Suppose -y*w = 4*l - 68, 2*l - 4*w = l + 32. Suppose i - r + 8 = -4*r, 2*r = 3*i - l. Let d(g) = -g**3 + 3*g**2 + 3*g + 4. Give d(i).
0
Let d(u) = -u**2 - 5*u + 13. Let c be d(-6). Let f(h) = -h + 1. Calculate f(c).
-6
Let m(w) = w + 1. Let g(l) = 1. Let y(t) = g(t) + m(t). Suppose 5*a = -20, -3*n - a + 2 = -0. Determine y(n).
4
Let o = 7 + -7. Suppose -3*i = -5*y + 4 - 5, 2*i - 4*y = o. Let u(t) = 0*t**2 + t**3 - i*t**3 + 2 + 5*t - 2*t**2. Give u(-3).
-4
Let h be (14/(-35))/((-24)/10). Let o(p) be the second derivative of 0 + h*p**3 - 3/2*p**2 - 2*p. Give o(0).
-3
Let x(z) = -z + 8. Suppose s + s + 15 = j, -4*s = 16. Let b be x(j). Let d(l) = 0*l + 0*l + 0 - b + 3*l. What is d(1)?
2
Suppose 0 = -3*b - 9, -4*p + 3*b = p - 24. Let w(o) = 2*o + 3. What is w(p)?
9
Let v(r) = -r - 11. Let x be v(-10). Let i(a) be the first derivative of -a**4/2 + a**2 + a - 4. What is i(x)?
1
Suppose 0 = -2*c + 5*n - 17, 3*c - c - 3 = n. Suppose -4*y - 1 - 8 = -3*d, 0 = c*y. Suppose 20 = -d*b - 2*b. Let q(a) = -a**2 - 2*a + 2. Calculate q(b).
-6
Let h(k) be the first derivative of k**5/120 + k**4/8 - k**3/3 - 2. Let c(a) be the third derivative of h(a). Suppose 2*p - 3 - 5 = 0. What is c(p)?
7
Let k be 5 - 0/(1/1). Suppose -2*b + 0*b + 4 = 0. Let g(f) = 3 + f**2 + b*f**2 + 1 - 4*f**2 + 4*f. Give g(k).
-1
Let u(f) = f**2 + 1. Let j(k) = -6*k**2 - 3*k - 5. Let l(o) = j(o) + 5*u(o). Let i(v) = -v**2 - 6*v. Let d(h) = -3*i(h) + 7*l(h). What is d(-2)?
-10
Let z be (-46)/(-8) + (-2)/(-8). Let j(l) = 3 + 2*l**2 - l**2 + 4*l + 8*l - 18*l + 0*l. Calculate j(z).
3
Suppose -2*v = 4*v + 18. Let l(k) = -k**3 - 3*k**2 + 4*k + 4. Give l(v).
-8
Let q(a) = -3*a - 1. Let k(b) = 7*b + 3. Let y(h) = -2*k(h) - 5*q(h). What is y(-3)?
-4
Let d = -2 + 6. Let c(r) = -3*r**3 - 3 + d*r**3 + 5*r**2 + 2. Determine c(-5).
-1
Suppose 5*c = 2*c + 15. Let z(b) = -2*b + 2. Let q(s) = -1. Let f(m) = 2*q(m) + z(m). What is f(c)?
-10
Let m be 0 - (-2)/8 - (-15)/20. Let c(v) = -v - 1. Give c(m).
-2
Let q(n) = 3 - 7*n**2 + n - n**3 + 0 - 2 + 7. Calculate q(-7).
1
Let c be (-35)/(-11) - (-2)/(-11). Let x(m) = 1 - 2 - m**2 + 3*m - c. Calculate x(4).
-8
Let z(l) be the second derivative of -l**3/3 - 7*l**2/2 + 2*l. Let m(r) = -3*r - 8. Let s(h) = -6*m(h) + 7*z(h). Suppose -2*f - 1 = -3*f. Give s(f).
3
Let f = -13 - -7. Let u(o) = -3*o - 8. Give u(f).
10
Let n be ((-16)/40)/(1/(-5)). Suppose 0 = -n*m + 68 + 28. Let v be m/(-21) - 4/(-14). Let b(h) = h**2 + 2*h + 3. What is b(v)?
3
Let n(h) = h**2 - 5*h + 6. Let s be (1/1)/(5/25). What is n(s)?
6
Let d be ((-4)/(-10))/((-1)/(-5)). Let m(i) = 3*i**2 + 7. Let j(q) = -3*q**2 + q - 6. Let y(w) = 4*j(w) + 3*m(w). Calculate y(d).
-7
Let a(i) = -i**3 + 7*i**2 + i. Let q be a(7). Suppose q*k - 96 = 3*k. Suppose 3 - 1 = -2*v + g, 4*v + 5*g - k = 0. Let z(o) = -o. Calculate z(v).
-1
Let u(v) = v**3 - 12*v**2 + 11*v - 5. Let p be ((-6)/6)/((-1)/11). Let c be u(p). Let s(j) = -j**3 - 6*j**2 - 3*j + 4. What is s(c)?
-6
Let z = 18 - 53/3. Let q(j) be the second derivative of 0 - 2*j - 3/2*j**2 - z*j**3. What is q(-2)?
1
Let j(g) be the third derivative of -g**5/30 - g**3/6 - 4*g**2 - 4*g. Calculate j(3).
-19
Suppose f - 8 = 8. Suppose -m - 2*m + f = r, 0 = -4*m - 5*r + 14. Let p(u) = -u**3 + 6*u**2 - 7. Determine p(m).
-7
Let f(w) = -w + 7. Let z(d) = -d + 7. Let b(a) = 4*f(a) - 5*z(a). Determine b(5).
-2
Let d(q) = -q + 8. Let z be 200/11 - 2/11. Suppose z = -0*i + i + 4*h, -3*h = -i - 3. Calculate d(i).
2
Let b(x) be the second derivative of -x**7/2520 + x**6/720 + 7*x**5/60 + x**4/3 - 5*x. Let m(u) be the third derivative of b(u). What is m(0)?
14
Let p be 16/6 - (-8)/(-12). Let w(b) = -p*b + 2 - 3 + 0 + 5*b**2 + b**3. Calculate w(-5).
9
Let x be 1/(4/6) - 117/18. Let y(k) = -k**2 - 8*k - 1. What is y(x)?
14
Let f(k) be the first derivative of k**4/12 + k**3/3 + k**2 + k + 3. Let g(t) be the first derivative of f(t). Give g(-4).
10
Let j(k) be the first derivative of 0*k + 3/2*k**2 - 1. What is j(-2)?
-6
Suppose 5 = 4*q + 1. Let g(k) = -q + 0*k - 5*k + 6*k. Calculate g(2).
1
Let z